7, 101089
List the prime factors of 540526.
2, 7, 38609
List the prime factors of 905250.
2, 3, 5, 17, 71
What are the prime factors of 928300?
2, 5, 9283
What are the prime factors of 49273?
7, 7039
What are the prime factors of 6210972?
2, 3, 131, 439
List the prime factors of 496168.
2, 109, 569
What are the prime factors of 1645178?
2, 822589
List the prime factors of 973861.
7, 139123
List the prime factors of 247034.
2, 123517
What are the prime factors of 899127?
3, 33301
What are the prime factors of 4845999?
3, 1615333
List the prime factors of 6346998.
2, 3, 7, 29, 193
List the prime factors of 1429955.
5, 17, 16823
List the prime factors of 660673.
13, 50821
What are the prime factors of 13582497?
3, 457, 9907
What are the prime factors of 14502643?
19, 41, 18617
What are the prime factors of 262178?
2, 7, 61, 307
List the prime factors of 201719.
7, 28817
What are the prime factors of 1210140?
2, 3, 5, 83
What are the prime factors of 144136?
2, 43, 419
What are the prime factors of 43617?
3, 7, 31, 67
What are the prime factors of 259282?
2, 129641
List the prime factors of 1520634.
2, 3, 253439
What are the prime factors of 158040?
2, 3, 5, 439
What are the prime factors of 384758?
2, 11, 17489
What are the prime factors of 239538?
2, 3, 13, 37, 83
What are the prime factors of 15251693?
15251693
What are the prime factors of 2094297?
3, 73, 131
List the prime factors of 367204.
2, 91801
What are the prime factors of 1972808?
2, 19, 12979
What are the prime factors of 16343?
59, 277
What are the prime factors of 50121?
3, 5569
What are the prime factors of 1094069?
17, 139, 463
What are the prime factors of 309994?
2, 23, 293
What are the prime factors of 141613?
141613
List the prime factors of 1073290.
2, 5, 29, 3701
List the prime factors of 10269123.
3, 353, 9697
What are the prime factors of 429871?
13, 43, 769
List the prime factors of 115119.
3, 12791
List the prime factors of 1659741.
3, 727, 761
What are the prime factors of 21757954?
2, 23, 331, 1429
List the prime factors of 350056.
2, 7, 19, 47
What are the prime factors of 10393634?
2, 5196817
What are the prime factors of 808483?
13, 62191
What are the prime factors of 6297724?
2, 1574431
What are the prime factors of 1303585?
5, 260717
What are the prime factors of 4206454?
2, 7, 42923
List the prime factors of 1867648.
2, 14591
What are the prime factors of 188890?
2, 5, 13, 1453
List the prime factors of 19549.
113, 173
What are the prime factors of 969710?
2, 5, 7, 1979
What are the prime factors of 741923?
7, 13, 31, 263
List the prime factors of 49521.
3, 17, 971
List the prime factors of 229366.
2, 73, 1571
What are the prime factors of 20209416?
2, 3, 193, 4363
What are the prime factors of 68288?
2, 11, 97
List the prime factors of 5258370.
2, 3, 5, 13, 97, 139
What are the prime factors of 320233?
431, 743
List the prime factors of 123322.
2, 197, 313
What are the prime factors of 16142726?
2, 8071363
What are the prime factors of 2273345?
5, 139, 3271
What are the prime factors of 229391?
191, 1201
What are the prime factors of 452037?
3, 53, 2843
What are the prime factors of 1521409?
883, 1723
What are the prime factors of 1676343?
3, 558781
List the prime factors of 3455501.
7, 493643
List the prime factors of 1517844.
2, 3, 126487
List the prime factors of 4073846.
2, 7, 17, 17117
List the prime factors of 415770.
2, 3, 5, 13859
List the prime factors of 403208.
2, 13, 3877
List the prime factors of 8119306.
2, 13, 312281
What are the prime factors of 741685?
5, 7, 21191
List the prime factors of 8163.
3, 907
What are the prime factors of 24246?
2, 3, 449
List the prime factors of 43190.
2, 5, 7, 617
What are the prime factors of 308019?
3, 102673
What are the prime factors of 6873762?
2, 3, 7, 163661
List the prime factors of 226812.
2, 3, 41, 461
List the prime factors of 210044.
2, 52511
List the prime factors of 322393.
29, 11117
List the prime factors of 15763141.
19, 829639
List the prime factors of 1794610.
2, 5, 179461
List the prime factors of 15892854.
2, 3, 19, 109, 1279
What are the prime factors of 13085709?
3, 7, 13, 47933
List the prime factors of 2977537.
2977537
List the prime factors of 1341458.
2, 670729
List the prime factors of 7762585.
5, 1552517
List the prime factors of 7594569.
3, 843841
List the prime factors of 10455770.
2, 5, 13, 80429
List the prime factors of 2489443.
11, 226313
What are the prime factors of 160686?
2, 3, 79, 113
List the prime factors of 97977.
3, 11, 2969
List the prime factors of 4260199.
19, 224221
What are the prime factors of 338386?
2, 71, 2383
List the prime factors of 463542.
2, 3, 23, 3359
List the prime factors of 156393.
3, 17377
What are the prime factors of 53445?
3, 5, 7, 509
What are the prime factors of 640567?
193, 3319
What are the prime factors of 14515213?
14515213
What are the prime factors of 8685552?
2, 3, 180949
List the prime factors of 26441468.
2, 919, 7193
What are the prime factors of 7148059?
367, 19477
List the prime factors of 466601.
23, 20287
What are the prime factors of 166099?
166099
List the prime factors of 19959528.
2, 3, 831647
List the prime factors of 1759644.
2, 3, 5431
What are the prime factors of 5356764?
2, 3, 7, 29, 733
What are the prime factors of 4016039?
4016039
What are the prime factors of 5198?
2, 23, 113
What are the prime factors of 12162898?
2, 11, 552859
What are the prime factors of 17267378?
2, 983, 8783
What are the prime factors of 531780?
2, 3, 5, 8863
What are the prime factors of 6312156?
2, 3, 229, 2297
What are the prime factors of 5319805?
5, 1063961
List the prime factors of 22960461.
3, 37, 61, 3391
List the prime factors of 786639.
3, 7, 47, 797
What are the prime factors of 1447803?
3, 7, 67
What are the prime factors of 2533297?
13, 194869
What are the prime factors of 1738644?
2, 3, 144887
List the prime factors of 10788.
2, 3, 29, 31
What are the prime factors of 164465?
5, 7, 37, 127
List the prime factors of 1311501.
3, 137, 3191
List the prime factors of 13042041.
3, 31, 140237
What are the prime factors of 35103173?
7, 5014739
What are the prime factors of 250833?
3, 11, 691
List the prime factors of 139369.
139369
List the prime factors of 14988583.
227, 66029
What are the prime factors of 15642409?
15642409
List the prime factors of 975761.
101, 9661
List the prime factors of 1366801.
1366801
What are the prime factors of 1145912?
2, 143239
List the prime factors of 11020563.
3, 408169
List the prime factors of 39344513.
13, 23, 181, 727
What are the prime factors of 10667339?
41, 260179
List the prime factors of 652449.
3, 7, 31069
List the prime factors of 6073052.
2, 1518263
What are the prime factors of 2953038?
2, 3, 11, 101, 443
List the prime factors of 2453704.
2, 11, 27883
What are the prime factors of 3993241?
7, 570463
List the prime factors of 754095.
3, 5, 50273
What are the prime factors of 20599?
20599
What are the prime factors of 1824273?
3, 11, 18427
What are the prime factors of 2085856?
2, 65183
List the prime factors of 5795119.
11, 526829
List the prime factors of 3243363.
3, 1081121
List the prime factors of 8213167.
8213167
What are the prime factors of 134425?
5, 19, 283
What are the prime factors of 259534?
2, 11, 47, 251
List the prime factors of 969204.
2, 3, 17, 4751
List the prime factors of 2285827.
1319, 1733
List the prime factors of 6190863.
3, 7, 294803
List the prime factors of 845861.
19, 44519
List the prime factors of 237198.
2, 3, 13, 3041
What are the prime factors of 12739564?
2, 563, 5657
What are the prime factors of 114478?
2, 7, 13, 17, 37
List the prime factors of 401074.
2, 23, 8719
List the prime factors of 107360.
2, 5, 11, 61
List the prime factors of 596281.
7, 43, 283
What are the prime factors of 1296000?
2, 3, 5
What are the prime factors of 14186134?
2, 7093067
List the prime factors of 10777906.
2, 5388953
List the prime factors of 231592.
2, 28949
What are the prime factors of 1516552?
2, 163, 1163
What are the prime factors of 8478773?
1823, 4651
List the prime factors of 6527559.
3, 2175853
What are the prime factors of 35331654?
2, 3, 127, 199, 233
What are the prime factors of 5204702?
2, 2602351
What are the prime factors of 6302563?
17, 173, 2143
List the